{"id":13450,"date":"2023-12-05T12:04:19","date_gmt":"2023-12-05T17:04:19","guid":{"rendered":"https:\/\/mcc2022.wpengine.com\/?page_id=13450"},"modified":"2025-01-15T09:16:38","modified_gmt":"2025-01-15T14:16:38","slug":"accommodements-pour-lexamen-lie-a-la-pdt","status":"publish","type":"page","link":"https:\/\/mcc.ca\/fr\/examens-et-evaluations\/demandes-relatives-aux-examens\/accommodements-dexamen\/accommodements-pour-lexamen-lie-a-la-pdt\/","title":{"rendered":"Accommodements pour l\u2019examen li\u00e9 \u00e0 la PDT"},"content":{"rendered":"\t\t<div data-elementor-type=\"wp-page\" data-elementor-id=\"13450\" class=\"elementor elementor-13450 elementor-12716\" data-elementor-post-type=\"page\">\n\t\t\t\t\t\t<section class=\"elementor-section elementor-top-section elementor-element elementor-element-e0772a8 elementor-section-boxed elementor-section-height-default elementor-section-height-default\" data-id=\"e0772a8\" data-element_type=\"section\" data-e-type=\"section\">\n\t\t\t\t\t\t<div class=\"elementor-container elementor-column-gap-default\">\n\t\t\t\t\t<div class=\"elementor-column elementor-col-100 elementor-top-column elementor-element elementor-element-cf55c74\" data-id=\"cf55c74\" data-element_type=\"column\" data-e-type=\"column\">\n\t\t\t<div class=\"elementor-widget-wrap elementor-element-populated\">\n\t\t\t\t\t\t<div class=\"elementor-element elementor-element-c49b24b elementor-widget elementor-widget-text-editor\" data-id=\"c49b24b\" data-element_type=\"widget\" data-e-type=\"widget\" data-widget_type=\"text-editor.default\">\n\t\t\t\t<div class=\"elementor-widget-container\">\n\t\t\t\t\t\t\t\t\t<h2>Date limite pour la soumission de demandes d\u2019accommodements<\/h2><p>Le formulaire de <a href=\"https:\/\/mcc.ca\/wp-content\/uploads\/Demande-daccommodements-dexamen.pdf\" target=\"_blank\" rel=\"noopener\">demande d\u2019accommodements d&rsquo;examen<\/a> et les documents justificatifs doivent \u00eatre envoy\u00e9s \u00e0 <a href=\"mailto:candidateaffairs@mcc.ca\">candidateaffairs@mcc.ca<\/a> d\u00e8s que possible apr\u00e8s l\u2019envoi de la demande d\u2019admission aupr\u00e8s de votre programme d\u2019\u00e9valuation de la capacit\u00e9 \u00e0 exercer (ECE).<\/p><p>Il se peut qu\u2019un accommodement d\u2019examen ne soit pas possible si la documentation requise n\u2019est pas re\u00e7ue au moins une semaine avant la date d\u2019ouverture des inscriptions.<\/p>\t\t\t\t\t\t\t\t<\/div>\n\t\t\t\t<\/div>\n\t\t\t\t<div class=\"elementor-element elementor-element-cb16476 elementor-widget elementor-widget-text-editor\" data-id=\"cb16476\" data-element_type=\"widget\" data-e-type=\"widget\" data-widget_type=\"text-editor.default\">\n\t\t\t\t<div class=\"elementor-widget-container\">\n\t\t\t\t\t\t\t\t\t<h2>R\u00e9servation d\u2019un rendez-vous d\u2019examen<\/h2><p>Les accommodements doivent \u00eatre \u00e9valu\u00e9s et planifi\u00e9s en coordination avec Prometric avant qu\u2019un rendez-vous d\u2019examen ne puisse \u00eatre r\u00e9serv\u00e9. Vous recevrez un message dans votre compte confirmant que vous pouvez r\u00e9server une date d\u2019examen avec Prometric.<\/p><p>Si des accommodements d\u2019examen vous sont accord\u00e9s, vous devez appeler <a href=\"https:\/\/www.prometric.com\/fr\/request-accommodations\" target=\"_blank\" rel=\"noopener\">l\u2019\u00e9quipe d\u2019accommodements d&rsquo;examen<\/a> de Prometric pour pouvoir r\u00e9server un rendez-vous d\u2019examen au centre d\u2019examen de votre choix. N\u2019essayez pas de fixer un rendez-vous en ligne.<\/p><p>Le personnel de Prometric vous aidera \u00e0 fixer un rendez-vous d\u2019examen en fonction des accommodements d\u2019examen qui vous ont \u00e9t\u00e9 accord\u00e9s. Bien que le personnel de Prometric fasse tout son possible pour r\u00e9pondre aux pr\u00e9f\u00e9rences des candidats, la mise en place d\u2019accommodements d\u2019examen est fonction de la disponibilit\u00e9. Ainsi, nous ne pouvons offrir de garanties en ce qui a trait au mode d\u2019examen et\/ou en ce qui concerne le choix de la date et de l\u2019heure de l\u2019examen.<\/p>\t\t\t\t\t\t\t\t<\/div>\n\t\t\t\t<\/div>\n\t\t\t\t<div class=\"elementor-element elementor-element-1f74bef elementor-widget elementor-widget-text-editor\" data-id=\"1f74bef\" data-element_type=\"widget\" data-e-type=\"widget\" data-widget_type=\"text-editor.default\">\n\t\t\t\t<div class=\"elementor-widget-container\">\n\t\t\t\t\t\t\t\t\t<h2>Demandes tardives<\/h2><p>Si vous pr\u00e9sentez une demande d\u2019accommodements apr\u00e8s avoir r\u00e9serv\u00e9 un rendez-vous d\u2019examen, on vous demandera d\u2019annuler ce rendez-vous, car les accommodements ne peuvent \u00eatre pris en charge dans le cadre de rendez-vous d\u2019examen standards d\u00e9j\u00e0 fix\u00e9s. Une fois le rendez-vous annul\u00e9, envoyez les documents justificatifs requis \u00e0 <a href=\"mailto:candidateaffairs@mcc.ca\">candidateaffairs@mcc.ca<\/a>. Vous pourrez fixer un nouveau rendez-vous d\u00e8s que votre demande d\u2019accommodements d\u2019examen aura \u00e9t\u00e9 \u00e9valu\u00e9e.<\/p>\t\t\t\t\t\t\t\t<\/div>\n\t\t\t\t<\/div>\n\t\t\t\t<div class=\"elementor-element elementor-element-4032d2d elementor-widget elementor-widget-button\" data-id=\"4032d2d\" data-element_type=\"widget\" data-e-type=\"widget\" data-widget_type=\"button.default\">\n\t\t\t\t<div class=\"elementor-widget-container\">\n\t\t\t\t\t\t\t\t\t<div class=\"elementor-button-wrapper\">\n\t\t\t\t\t<a class=\"elementor-button elementor-button-link elementor-size-sm\" href=\"\/fr\/examens-et-evaluations\/examen-lie-a-la-pdt\/planification\/\">\n\t\t\t\t\t\t<span class=\"elementor-button-content-wrapper\">\n\t\t\t\t\t\t\t\t\t<span class=\"elementor-button-text\">Pour en savoir davantage sur la r\u00e9servation de rendez-vous <\/span>\n\t\t\t\t\t<\/span>\n\t\t\t\t\t<\/a>\n\t\t\t\t<\/div>\n\t\t\t\t\t\t\t\t<\/div>\n\t\t\t\t<\/div>\n\t\t\t\t\t<\/div>\n\t\t<\/div>\n\t\t\t\t\t<\/div>\n\t\t<\/section>\n\t\t\t\t<section class=\"elementor-section elementor-top-section elementor-element elementor-element-9374caa elementor-section-boxed elementor-section-height-default elementor-section-height-default\" data-id=\"9374caa\" data-element_type=\"section\" data-e-type=\"section\">\n\t\t\t\t\t\t<div class=\"elementor-container elementor-column-gap-default\">\n\t\t\t\t\t<div class=\"elementor-column elementor-col-100 elementor-top-column elementor-element elementor-element-6cc684b\" data-id=\"6cc684b\" data-element_type=\"column\" data-e-type=\"column\">\n\t\t\t<div class=\"elementor-widget-wrap elementor-element-populated\">\n\t\t\t\t\t\t<section class=\"elementor-section elementor-inner-section elementor-element elementor-element-af4302a elementor-section-boxed elementor-section-height-default elementor-section-height-default\" data-id=\"af4302a\" data-element_type=\"section\" data-e-type=\"section\">\n\t\t\t\t\t\t<div class=\"elementor-container elementor-column-gap-default\">\n\t\t\t\t\t<div class=\"elementor-column elementor-col-50 elementor-inner-column elementor-element elementor-element-1df1a9b\" data-id=\"1df1a9b\" data-element_type=\"column\" data-e-type=\"column\">\n\t\t\t<div class=\"elementor-widget-wrap elementor-element-populated\">\n\t\t\t\t\t\t<div class=\"elementor-element elementor-element-f515ea8 elementor-widget elementor-widget-heading\" data-id=\"f515ea8\" data-element_type=\"widget\" data-e-type=\"widget\" data-widget_type=\"heading.default\">\n\t\t\t\t<div class=\"elementor-widget-container\">\n\t\t\t\t\t<h5 class=\"elementor-heading-title elementor-size-default\"><a href=\"https:\/\/mcc.ca\/fr\/examens-et-evaluations\/demandes-relatives-aux-examens\/accommodements-dexamen\/\">Accommodements d'examen<\/a><\/h5>\t\t\t\t<\/div>\n\t\t\t\t<\/div>\n\t\t\t\t<div class=\"elementor-element elementor-element-2495c39 elementor-widget-divider--view-line elementor-widget elementor-widget-divider\" data-id=\"2495c39\" data-element_type=\"widget\" data-e-type=\"widget\" data-widget_type=\"divider.default\">\n\t\t\t\t<div class=\"elementor-widget-container\">\n\t\t\t\t\t\t\t<div class=\"elementor-divider\">\n\t\t\t<span class=\"elementor-divider-separator\">\n\t\t\t\t\t\t<\/span>\n\t\t<\/div>\n\t\t\t\t\t\t<\/div>\n\t\t\t\t<\/div>\n\t\t\t\t<div class=\"elementor-element elementor-element-c67fa22 elementor-widget elementor-widget-text-editor\" data-id=\"c67fa22\" data-element_type=\"widget\" data-e-type=\"widget\" data-widget_type=\"text-editor.default\">\n\t\t\t\t<div class=\"elementor-widget-container\">\n\t\t\t\t\t\t\t\t\t<p><span class=\"indicator\">Section pr\u00e9c\u00e9dente<\/span><\/p>\t\t\t\t\t\t\t\t<\/div>\n\t\t\t\t<\/div>\n\t\t\t\t\t<\/div>\n\t\t<\/div>\n\t\t\t\t<div class=\"elementor-column elementor-col-50 elementor-inner-column elementor-element elementor-element-4201cf4\" data-id=\"4201cf4\" data-element_type=\"column\" data-e-type=\"column\">\n\t\t\t<div class=\"elementor-widget-wrap\">\n\t\t\t\t\t\t\t<\/div>\n\t\t<\/div>\n\t\t\t\t\t<\/div>\n\t\t<\/section>\n\t\t\t\t\t<\/div>\n\t\t<\/div>\n\t\t\t\t\t<\/div>\n\t\t<\/section>\n\t\t\t\t<\/div>\n\t\t","protected":false},"excerpt":{"rendered":"<p>Date limite pour la soumission de demandes d\u2019accommodements Le formulaire de demande d\u2019accommodements d&rsquo;examen et les documents justificatifs doivent \u00eatre envoy\u00e9s \u00e0 candidateaffairs@mcc.ca d\u00e8s que possible apr\u00e8s l\u2019envoi de la demande d\u2019admission aupr\u00e8s de votre programme d\u2019\u00e9valuation de la capacit\u00e9 \u00e0 exercer (ECE). Il se peut qu\u2019un accommodement d\u2019examen ne soit pas possible si la [&hellip;]<\/p>\n","protected":false},"author":34,"featured_media":0,"parent":13444,"menu_order":0,"comment_status":"closed","ping_status":"closed","template":"","meta":{"_acf_changed":false,"content-type":"","_relevanssi_hide_post":"","_relevanssi_hide_content":"","_relevanssi_pin_for_all":"","_relevanssi_pin_keywords":"","_relevanssi_unpin_keywords":"","_relevanssi_related_keywords":"","_relevanssi_related_include_ids":"","_relevanssi_related_exclude_ids":"","_relevanssi_related_no_append":"","_relevanssi_related_not_related":"","_relevanssi_related_posts":"3897","_relevanssi_noindex_reason":"","footnotes":""},"class_list":["post-13450","page","type-page","status-publish","hentry"],"acf":{"inherit_intro_image":true,"page_intro_text":"Bien que le processus de demande d\u2019accommodements soit similaire pour l\u2019ensemble des examens du CMC, il y a d\u2019importantes diff\u00e9rences et consid\u00e9rations dont il faut tenir compte au moment de faire une demande d\u2019accommodements pour l\u2019examen li\u00e9 \u00e0 la PDT."},"aioseo_notices":[],"_links":{"self":[{"href":"https:\/\/mcc.ca\/fr\/wp-json\/wp\/v2\/pages\/13450","targetHints":{"allow":["GET"]}}],"collection":[{"href":"https:\/\/mcc.ca\/fr\/wp-json\/wp\/v2\/pages"}],"about":[{"href":"https:\/\/mcc.ca\/fr\/wp-json\/wp\/v2\/types\/page"}],"author":[{"embeddable":true,"href":"https:\/\/mcc.ca\/fr\/wp-json\/wp\/v2\/users\/34"}],"replies":[{"embeddable":true,"href":"https:\/\/mcc.ca\/fr\/wp-json\/wp\/v2\/comments?post=13450"}],"version-history":[{"count":0,"href":"https:\/\/mcc.ca\/fr\/wp-json\/wp\/v2\/pages\/13450\/revisions"}],"up":[{"embeddable":true,"href":"https:\/\/mcc.ca\/fr\/wp-json\/wp\/v2\/pages\/13444"}],"wp:attachment":[{"href":"https:\/\/mcc.ca\/fr\/wp-json\/wp\/v2\/media?parent=13450"}],"curies":[{"name":"wp","href":"https:\/\/api.w.org\/{rel}","templated":true}]}}

Accommodements pour l’examen lié à la PDT

<div data-elementor-type="wp-page" data-elementor-id="13450" class="elementor elementor-13450 elementor-12716" data-elementor-post-type="page">
						<section class="elementor-section elementor-top-section elementor-element elementor-element-e0772a8 elementor-section-boxed elementor-section-height-default elementor-section-height-default" data-id="e0772a8" data-element_type="section" data-e-type="section">
						<div class="elementor-container elementor-column-gap-default">
					<div class="elementor-column elementor-col-100 elementor-top-column elementor-element elementor-element-cf55c74" data-id="cf55c74" data-element_type="column" data-e-type="column">
			<div class="elementor-widget-wrap elementor-element-populated">
						<div class="elementor-element elementor-element-c49b24b elementor-widget elementor-widget-text-editor" data-id="c49b24b" data-element_type="widget" data-e-type="widget" data-widget_type="text-editor.default">
				<div class="elementor-widget-container">
									<h2>Date limite pour la soumission de demandes d’accommodements</h2><p>Le formulaire de <a href="https://mcc.ca/wp-content/uploads/Demande-daccommodements-dexamen.pdf" target="_blank" rel="noopener">demande d’accommodements d&rsquo;examen</a> et les documents justificatifs doivent être envoyés à <a href="mailto:candidateaffairs@mcc.ca">candidateaffairs@mcc.ca</a> dès que possible après l’envoi de la demande d’admission auprès de votre programme d’évaluation de la capacité à exercer (ECE).</p><p>Il se peut qu’un accommodement d’examen ne soit pas possible si la documentation requise n’est pas reçue au moins une semaine avant la date d’ouverture des inscriptions.</p>								</div>
				</div>
				<div class="elementor-element elementor-element-cb16476 elementor-widget elementor-widget-text-editor" data-id="cb16476" data-element_type="widget" data-e-type="widget" data-widget_type="text-editor.default">
				<div class="elementor-widget-container">
									<h2>Réservation d’un rendez-vous d’examen</h2><p>Les accommodements doivent être évalués et planifiés en coordination avec Prometric avant qu’un rendez-vous d’examen ne puisse être réservé. Vous recevrez un message dans votre compte confirmant que vous pouvez réserver une date d’examen avec Prometric.</p><p>Si des accommodements d’examen vous sont accordés, vous devez appeler <a href="https://www.prometric.com/fr/request-accommodations" target="_blank" rel="noopener">l’équipe d’accommodements d&rsquo;examen</a> de Prometric pour pouvoir réserver un rendez-vous d’examen au centre d’examen de votre choix. N’essayez pas de fixer un rendez-vous en ligne.</p><p>Le personnel de Prometric vous aidera à fixer un rendez-vous d’examen en fonction des accommodements d’examen qui vous ont été accordés. Bien que le personnel de Prometric fasse tout son possible pour répondre aux préférences des candidats, la mise en place d’accommodements d’examen est fonction de la disponibilité. Ainsi, nous ne pouvons offrir de garanties en ce qui a trait au mode d’examen et/ou en ce qui concerne le choix de la date et de l’heure de l’examen.</p>								</div>
				</div>
				<div class="elementor-element elementor-element-1f74bef elementor-widget elementor-widget-text-editor" data-id="1f74bef" data-element_type="widget" data-e-type="widget" data-widget_type="text-editor.default">
				<div class="elementor-widget-container">
									<h2>Demandes tardives</h2><p>Si vous présentez une demande d’accommodements après avoir réservé un rendez-vous d’examen, on vous demandera d’annuler ce rendez-vous, car les accommodements ne peuvent être pris en charge dans le cadre de rendez-vous d’examen standards déjà fixés. Une fois le rendez-vous annulé, envoyez les documents justificatifs requis à <a href="mailto:candidateaffairs@mcc.ca">candidateaffairs@mcc.ca</a>. Vous pourrez fixer un nouveau rendez-vous dès que votre demande d’accommodements d’examen aura été évaluée.</p>								</div>
				</div>
				<div class="elementor-element elementor-element-4032d2d elementor-widget elementor-widget-button" data-id="4032d2d" data-element_type="widget" data-e-type="widget" data-widget_type="button.default">
				<div class="elementor-widget-container">
									<div class="elementor-button-wrapper">
					<a class="elementor-button elementor-button-link elementor-size-sm" href="/fr/examens-et-evaluations/examen-lie-a-la-pdt/planification/">
						<span class="elementor-button-content-wrapper">
									<span class="elementor-button-text">Pour en savoir davantage sur la réservation de rendez-vous </span>
					</span>
					</a>
				</div>
								</div>
				</div>
					</div>
		</div>
					</div>
		</section>
				<section class="elementor-section elementor-top-section elementor-element elementor-element-9374caa elementor-section-boxed elementor-section-height-default elementor-section-height-default" data-id="9374caa" data-element_type="section" data-e-type="section">
						<div class="elementor-container elementor-column-gap-default">
					<div class="elementor-column elementor-col-100 elementor-top-column elementor-element elementor-element-6cc684b" data-id="6cc684b" data-element_type="column" data-e-type="column">
			<div class="elementor-widget-wrap elementor-element-populated">
						<section class="elementor-section elementor-inner-section elementor-element elementor-element-af4302a elementor-section-boxed elementor-section-height-default elementor-section-height-default" data-id="af4302a" data-element_type="section" data-e-type="section">
						<div class="elementor-container elementor-column-gap-default">
					<div class="elementor-column elementor-col-50 elementor-inner-column elementor-element elementor-element-1df1a9b" data-id="1df1a9b" data-element_type="column" data-e-type="column">
			<div class="elementor-widget-wrap elementor-element-populated">
						<div class="elementor-element elementor-element-f515ea8 elementor-widget elementor-widget-heading" data-id="f515ea8" data-element_type="widget" data-e-type="widget" data-widget_type="heading.default">
				<div class="elementor-widget-container">
					<h5 class="elementor-heading-title elementor-size-default"><a href="https://mcc.ca/fr/examens-et-evaluations/demandes-relatives-aux-examens/accommodements-dexamen/">Accommodements d'examen</a></h5>				</div>
				</div>
				<div class="elementor-element elementor-element-2495c39 elementor-widget-divider--view-line elementor-widget elementor-widget-divider" data-id="2495c39" data-element_type="widget" data-e-type="widget" data-widget_type="divider.default">
				<div class="elementor-widget-container">
							<div class="elementor-divider">
			<span class="elementor-divider-separator">
						</span>
		</div>
						</div>
				</div>
				<div class="elementor-element elementor-element-c67fa22 elementor-widget elementor-widget-text-editor" data-id="c67fa22" data-element_type="widget" data-e-type="widget" data-widget_type="text-editor.default">
				<div class="elementor-widget-container">
									<p><span class="indicator">Section précédente</span></p>								</div>
				</div>
					</div>
		</div>
				<div class="elementor-column elementor-col-50 elementor-inner-column elementor-element elementor-element-4201cf4" data-id="4201cf4" data-element_type="column" data-e-type="column">
			<div class="elementor-widget-wrap">
							</div>
		</div>
					</div>
		</section>
					</div>
		</div>
					</div>
		</section>
				</div>

<p>Date limite pour la soumission de demandes d’accommodements Le formulaire de demande d’accommodements d&rsquo;examen et les documents justificatifs doivent être envoyés à candidateaffairs@mcc.ca dès que possible après l’envoi de la demande d’admission auprès de votre programme d’évaluation de la capacité à exercer (ECE). Il se peut qu’un accommodement d’examen ne soit pas possible si la [&hellip;]</p>

Bien que le processus de demande d’accommodements soit similaire pour l’ensemble des examens du CMC, il y a d’importantes différences et considérations dont il faut tenir compte au moment de faire une demande d’accommodements pour l’examen lié à la PDT.
