{"id":13391,"date":"2023-12-07T10:14:50","date_gmt":"2023-12-07T15:14:50","guid":{"rendered":"https:\/\/mcc2022.wpengine.com\/?page_id=13391"},"modified":"2025-11-20T00:57:56","modified_gmt":"2025-11-20T05:57:56","slug":"cadre-de-lece-de-la-cne","status":"publish","type":"page","link":"https:\/\/mcc.ca\/fr\/examens-et-evaluations\/evaluation-de-la-capacite-a-exercer\/cadre-de-lece-de-la-cne\/","title":{"rendered":"Cadre de l\u2019ECE de la CNE"},"content":{"rendered":"\t\t<div data-elementor-type=\"wp-page\" data-elementor-id=\"13391\" class=\"elementor elementor-13391 elementor-12945\" data-elementor-post-type=\"page\">\n\t\t\t\t\t\t<section class=\"elementor-section elementor-top-section elementor-element elementor-element-13128c9 elementor-section-boxed elementor-section-height-default elementor-section-height-default\" data-id=\"13128c9\" data-element_type=\"section\" data-e-type=\"section\">\n\t\t\t\t\t\t<div class=\"elementor-container elementor-column-gap-default\">\n\t\t\t\t\t<div class=\"elementor-column elementor-col-100 elementor-top-column elementor-element elementor-element-7da753a\" data-id=\"7da753a\" data-element_type=\"column\" data-e-type=\"column\">\n\t\t\t<div class=\"elementor-widget-wrap elementor-element-populated\">\n\t\t\t\t\t\t<div class=\"elementor-element elementor-element-76b84b9 elementor-widget elementor-widget-text-editor\" data-id=\"76b84b9\" data-element_type=\"widget\" data-e-type=\"widget\" data-widget_type=\"text-editor.default\">\n\t\t\t\t<div class=\"elementor-widget-container\">\n\t\t\t\t\t\t\t\t\t<h2>Aper\u00e7u<\/h2><p>Le Conseil m\u00e9dical du Canada (CMC) collabore avec les neuf programmes provinciaux au cadre de l\u2019\u00e9valuation de la capacit\u00e9 \u00e0 exercer de la Collaboration nationale en mati\u00e8re d\u2019\u00e9valuation (ECE de la CNE) pour \u00e9laborer et tenir \u00e0 jour des lignes directrices, des travaux de recherche, de la documentation et des outils communs. Chaque programme provincial \u00e9tant g\u00e9r\u00e9 de mani\u00e8re ind\u00e9pendante, cette collaboration pancanadienne garantit des \u00e9valuations comparables et transparentes avec des r\u00e9sultats transf\u00e9rables pour tous les candidats, quelle que soit la province o\u00f9 a lieu l\u2019\u00e9valuation.<\/p><p>Parmi les \u00e9l\u00e9ments importants propos\u00e9s aux programmes figurent :<\/p><ul><li>des outils d\u2019\u00e9valuation clinique et un programme de formation \u00e0 l\u2019intention des \u00e9valuateurs, y compris des modules de formation en ligne;<\/li><li>des \u00e9valuations \u00e9labor\u00e9es \u00e0 des fins pr\u00e9cises comme <a href=\"https:\/\/mcc.ca\/fr\/examens-et-evaluations\/examen-lie-a-la-pdt\/\">l\u2019examen li\u00e9 \u00e0 la prise de d\u00e9cisions th\u00e9rapeutiques<\/a> (PDT) fond\u00e9 sur le Plan directeur de l\u2019examen li\u00e9 \u00e0 la PDT, pour d\u00e9terminer l\u2019admissibilit\u00e9 au programme;<\/li><li>l&rsquo;organisation de <a href=\"https:\/\/mcc.ca\/fr\/ressources-gratuites\/\">ressources d\u2019apprentissage<\/a> cr\u00e9\u00e9es par des tiers qui portent sur l\u2019exercice des soins de sant\u00e9 au Canada, y compris les priorit\u00e9s \u00e9mergentes li\u00e9es \u00e0 l\u2019\u00e9quit\u00e9, la diversit\u00e9 et l\u2019inclusion;<\/li><li>un programme de recherche continu pour soutenir la prise de d\u00e9cision fond\u00e9e sur des donn\u00e9es probantes \u00e0 l\u2019\u00e9gard des politiques;<\/li><li>des normes pour l\u2019ECE en ce qui a trait \u00e0 l\u2019exercice de la <a href=\"https:\/\/mcc.ca\/media\/CNE-%C3%89VALUATION-DE-LA-CAPACIT%C3%89-%C3%80-EXERCER.pdf\"><u>m\u00e9decine familiale<\/u><\/a>.<\/li><\/ul>\t\t\t\t\t\t\t\t<\/div>\n\t\t\t\t<\/div>\n\t\t\t\t\t<\/div>\n\t\t<\/div>\n\t\t\t\t\t<\/div>\n\t\t<\/section>\n\t\t\t\t<section class=\"elementor-section elementor-top-section elementor-element elementor-element-c37b255 elementor-section-boxed elementor-section-height-default elementor-section-height-default\" data-id=\"c37b255\" data-element_type=\"section\" data-e-type=\"section\" data-settings=\"{&quot;background_background&quot;:&quot;classic&quot;}\">\n\t\t\t\t\t\t<div class=\"elementor-container elementor-column-gap-default\">\n\t\t\t\t\t<div class=\"elementor-column elementor-col-100 elementor-top-column elementor-element elementor-element-22739f7\" data-id=\"22739f7\" data-element_type=\"column\" data-e-type=\"column\">\n\t\t\t<div class=\"elementor-widget-wrap elementor-element-populated\">\n\t\t\t\t\t\t<div class=\"elementor-element elementor-element-77d5dd9 elementor-widget elementor-widget-text-editor\" data-id=\"77d5dd9\" data-element_type=\"widget\" data-e-type=\"widget\" data-widget_type=\"text-editor.default\">\n\t\t\t\t<div class=\"elementor-widget-container\">\n\t\t\t\t\t\t\t\t\t<h2>Collaboration pancanadienne\u00a0<\/h2><p>Le succ\u00e8s continu de l&rsquo;ECE de la CNE est attribuable \u00e0 la collaboration et au d\u00e9vouement des programmes d\u2019ECE, du Groupe de travail sur l\u2019ECE de la CNE (anciennement le comit\u00e9 de l\u2019ECE de la CNE), des ordres de m\u00e9decins, des organismes de certification, des comit\u00e9s de programmes de sp\u00e9cialit\u00e9 connexes et d\u2019autres partenaires de partout au Canada. Sant\u00e9 Canada a fourni le financement initial du projet pour garantir le succ\u00e8s de l\u2019initiative.<\/p>\t\t\t\t\t\t\t\t<\/div>\n\t\t\t\t<\/div>\n\t\t\t\t\t<\/div>\n\t\t<\/div>\n\t\t\t\t\t<\/div>\n\t\t<\/section>\n\t\t\t\t<section class=\"elementor-section elementor-top-section elementor-element elementor-element-8f9b5d8 elementor-section-boxed elementor-section-height-default elementor-section-height-default\" data-id=\"8f9b5d8\" data-element_type=\"section\" data-e-type=\"section\">\n\t\t\t\t\t\t<div class=\"elementor-container elementor-column-gap-default\">\n\t\t\t\t\t<div class=\"elementor-column elementor-col-50 elementor-top-column elementor-element elementor-element-976024e\" data-id=\"976024e\" data-element_type=\"column\" data-e-type=\"column\">\n\t\t\t<div class=\"elementor-widget-wrap elementor-element-populated\">\n\t\t\t\t\t\t<div class=\"elementor-element elementor-element-006aa33 elementor-widget elementor-widget-text-editor\" data-id=\"006aa33\" data-element_type=\"widget\" data-e-type=\"widget\" data-widget_type=\"text-editor.default\">\n\t\t\t\t<div class=\"elementor-widget-container\">\n\t\t\t\t\t\t\t\t\t<h2>Frais pour soutenir l\u2019ECE pancanadienne<\/h2><p>En 2018, dans le but de soutenir le travail continu et d\u2019assurer la durabilit\u00e9 du programme, le CMC a mis en place avec les programmes d\u2019ECE des frais que les candidats doivent acquitter. Ces frais s\u2019appliquent lorsqu\u2019un candidat commence une p\u00e9riode d\u2019\u00e9valuation clinique avec un programme provincial d\u2019ECE.\u00a0<\/p>\t\t\t\t\t\t\t\t<\/div>\n\t\t\t\t<\/div>\n\t\t\t\t\t<\/div>\n\t\t<\/div>\n\t\t\t\t<div class=\"elementor-column elementor-col-50 elementor-top-column elementor-element elementor-element-1e5c9ec\" data-id=\"1e5c9ec\" data-element_type=\"column\" data-e-type=\"column\">\n\t\t\t<div class=\"elementor-widget-wrap elementor-element-populated\">\n\t\t\t\t\t\t<div class=\"elementor-element elementor-element-2dee4c5 elementor-widget elementor-widget-text-editor\" data-id=\"2dee4c5\" data-element_type=\"widget\" data-e-type=\"widget\" data-widget_type=\"text-editor.default\">\n\t\t\t\t<div class=\"elementor-widget-container\">\n\t\t\t\t\t\t\t\t\t<h2>Analyse du contexte de 2012<\/h2><p>Au cours de la premi\u00e8re phase de l\u2019initiative de l\u2019ECE de la CNE, on a r\u00e9pertori\u00e9 des \u00e9l\u00e9ments du programme qui \u00e9taient d\u00e9j\u00e0 en place dans l\u2019ensemble des territoires de comp\u00e9tences au Canada. Cette d\u00e9marche a men\u00e9 \u00e0 une analyse du contexte en 2012.\u00a0<\/p>\t\t\t\t\t\t\t\t<\/div>\n\t\t\t\t<\/div>\n\t\t\t\t<div class=\"elementor-element elementor-element-ac50497 elementor-mobile-align-center elementor-widget elementor-widget-button\" data-id=\"ac50497\" data-element_type=\"widget\" data-e-type=\"widget\" data-widget_type=\"button.default\">\n\t\t\t\t<div class=\"elementor-widget-container\">\n\t\t\t\t\t\t\t\t\t<div class=\"elementor-button-wrapper\">\n\t\t\t\t\t<a class=\"elementor-button elementor-button-link elementor-size-sm\" href=\"https:\/\/mcc.ca\/media\/evaluation-degre-preparation-sommaire-analyse-contexte.pdf%20\">\n\t\t\t\t\t\t<span class=\"elementor-button-content-wrapper\">\n\t\t\t\t\t\t\t\t\t<span class=\"elementor-button-text\">Lire l'analyse du contexte<\/span>\n\t\t\t\t\t<\/span>\n\t\t\t\t\t<\/a>\n\t\t\t\t<\/div>\n\t\t\t\t\t\t\t\t<\/div>\n\t\t\t\t<\/div>\n\t\t\t\t\t<\/div>\n\t\t<\/div>\n\t\t\t\t\t<\/div>\n\t\t<\/section>\n\t\t\t\t<\/div>\n\t\t","protected":false},"excerpt":{"rendered":"<p>Aper\u00e7u Le Conseil m\u00e9dical du Canada (CMC) collabore avec les neuf programmes provinciaux au cadre de l\u2019\u00e9valuation de la capacit\u00e9 \u00e0 exercer de la Collaboration nationale en mati\u00e8re d\u2019\u00e9valuation (ECE de la CNE) pour \u00e9laborer et tenir \u00e0 jour des lignes directrices, des travaux de recherche, de la documentation et des outils communs. Chaque programme [&hellip;]<\/p>\n","protected":false},"author":30,"featured_media":0,"parent":13309,"menu_order":0,"comment_status":"closed","ping_status":"closed","template":"","meta":{"_acf_changed":false,"content-type":"","_relevanssi_hide_post":"","_relevanssi_hide_content":"","_relevanssi_pin_for_all":"","_relevanssi_pin_keywords":"","_relevanssi_unpin_keywords":"","_relevanssi_related_keywords":"","_relevanssi_related_include_ids":"","_relevanssi_related_exclude_ids":"","_relevanssi_related_no_append":"","_relevanssi_related_not_related":"","_relevanssi_related_posts":"3897","_relevanssi_noindex_reason":"","footnotes":""},"class_list":["post-13391","page","type-page","status-publish","hentry"],"acf":{"inherit_intro_image":true,"page_intro_text":"Maintenir un cadre pancanadien pour les programmes provinciaux d\u2019\u00e9valuation de la capacit\u00e9 \u00e0 exercer "},"aioseo_notices":[],"_links":{"self":[{"href":"https:\/\/mcc.ca\/fr\/wp-json\/wp\/v2\/pages\/13391","targetHints":{"allow":["GET"]}}],"collection":[{"href":"https:\/\/mcc.ca\/fr\/wp-json\/wp\/v2\/pages"}],"about":[{"href":"https:\/\/mcc.ca\/fr\/wp-json\/wp\/v2\/types\/page"}],"author":[{"embeddable":true,"href":"https:\/\/mcc.ca\/fr\/wp-json\/wp\/v2\/users\/30"}],"replies":[{"embeddable":true,"href":"https:\/\/mcc.ca\/fr\/wp-json\/wp\/v2\/comments?post=13391"}],"version-history":[{"count":0,"href":"https:\/\/mcc.ca\/fr\/wp-json\/wp\/v2\/pages\/13391\/revisions"}],"up":[{"embeddable":true,"href":"https:\/\/mcc.ca\/fr\/wp-json\/wp\/v2\/pages\/13309"}],"wp:attachment":[{"href":"https:\/\/mcc.ca\/fr\/wp-json\/wp\/v2\/media?parent=13391"}],"curies":[{"name":"wp","href":"https:\/\/api.w.org\/{rel}","templated":true}]}}

<div data-elementor-type="wp-page" data-elementor-id="13391" class="elementor elementor-13391 elementor-12945" data-elementor-post-type="page">
						<section class="elementor-section elementor-top-section elementor-element elementor-element-13128c9 elementor-section-boxed elementor-section-height-default elementor-section-height-default" data-id="13128c9" data-element_type="section" data-e-type="section">
						<div class="elementor-container elementor-column-gap-default">
					<div class="elementor-column elementor-col-100 elementor-top-column elementor-element elementor-element-7da753a" data-id="7da753a" data-element_type="column" data-e-type="column">
			<div class="elementor-widget-wrap elementor-element-populated">
						<div class="elementor-element elementor-element-76b84b9 elementor-widget elementor-widget-text-editor" data-id="76b84b9" data-element_type="widget" data-e-type="widget" data-widget_type="text-editor.default">
				<div class="elementor-widget-container">
									<h2>Aperçu</h2><p>Le Conseil médical du Canada (CMC) collabore avec les neuf programmes provinciaux au cadre de l’évaluation de la capacité à exercer de la Collaboration nationale en matière d’évaluation (ECE de la CNE) pour élaborer et tenir à jour des lignes directrices, des travaux de recherche, de la documentation et des outils communs. Chaque programme provincial étant géré de manière indépendante, cette collaboration pancanadienne garantit des évaluations comparables et transparentes avec des résultats transférables pour tous les candidats, quelle que soit la province où a lieu l’évaluation.</p><p>Parmi les éléments importants proposés aux programmes figurent :</p><ul><li>des outils d’évaluation clinique et un programme de formation à l’intention des évaluateurs, y compris des modules de formation en ligne;</li><li>des évaluations élaborées à des fins précises comme <a href="https://mcc.ca/fr/examens-et-evaluations/examen-lie-a-la-pdt/">l’examen lié à la prise de décisions thérapeutiques</a> (PDT) fondé sur le Plan directeur de l’examen lié à la PDT, pour déterminer l’admissibilité au programme;</li><li>l&rsquo;organisation de <a href="https://mcc.ca/fr/ressources-gratuites/">ressources d’apprentissage</a> créées par des tiers qui portent sur l’exercice des soins de santé au Canada, y compris les priorités émergentes liées à l’équité, la diversité et l’inclusion;</li><li>un programme de recherche continu pour soutenir la prise de décision fondée sur des données probantes à l’égard des politiques;</li><li>des normes pour l’ECE en ce qui a trait à l’exercice de la <a href="https://mcc.ca/media/CNE-%C3%89VALUATION-DE-LA-CAPACIT%C3%89-%C3%80-EXERCER.pdf"><u>médecine familiale</u></a>.</li></ul>								</div>
				</div>
					</div>
		</div>
					</div>
		</section>
				<section class="elementor-section elementor-top-section elementor-element elementor-element-c37b255 elementor-section-boxed elementor-section-height-default elementor-section-height-default" data-id="c37b255" data-element_type="section" data-e-type="section" data-settings="{&quot;background_background&quot;:&quot;classic&quot;}">
						<div class="elementor-container elementor-column-gap-default">
					<div class="elementor-column elementor-col-100 elementor-top-column elementor-element elementor-element-22739f7" data-id="22739f7" data-element_type="column" data-e-type="column">
			<div class="elementor-widget-wrap elementor-element-populated">
						<div class="elementor-element elementor-element-77d5dd9 elementor-widget elementor-widget-text-editor" data-id="77d5dd9" data-element_type="widget" data-e-type="widget" data-widget_type="text-editor.default">
				<div class="elementor-widget-container">
									<h2>Collaboration pancanadienne </h2><p>Le succès continu de l&rsquo;ECE de la CNE est attribuable à la collaboration et au dévouement des programmes d’ECE, du Groupe de travail sur l’ECE de la CNE (anciennement le comité de l’ECE de la CNE), des ordres de médecins, des organismes de certification, des comités de programmes de spécialité connexes et d’autres partenaires de partout au Canada. Santé Canada a fourni le financement initial du projet pour garantir le succès de l’initiative.</p>								</div>
				</div>
					</div>
		</div>
					</div>
		</section>
				<section class="elementor-section elementor-top-section elementor-element elementor-element-8f9b5d8 elementor-section-boxed elementor-section-height-default elementor-section-height-default" data-id="8f9b5d8" data-element_type="section" data-e-type="section">
						<div class="elementor-container elementor-column-gap-default">
					<div class="elementor-column elementor-col-50 elementor-top-column elementor-element elementor-element-976024e" data-id="976024e" data-element_type="column" data-e-type="column">
			<div class="elementor-widget-wrap elementor-element-populated">
						<div class="elementor-element elementor-element-006aa33 elementor-widget elementor-widget-text-editor" data-id="006aa33" data-element_type="widget" data-e-type="widget" data-widget_type="text-editor.default">
				<div class="elementor-widget-container">
									<h2>Frais pour soutenir l’ECE pancanadienne</h2><p>En 2018, dans le but de soutenir le travail continu et d’assurer la durabilité du programme, le CMC a mis en place avec les programmes d’ECE des frais que les candidats doivent acquitter. Ces frais s’appliquent lorsqu’un candidat commence une période d’évaluation clinique avec un programme provincial d’ECE. </p>								</div>
				</div>
					</div>
		</div>
				<div class="elementor-column elementor-col-50 elementor-top-column elementor-element elementor-element-1e5c9ec" data-id="1e5c9ec" data-element_type="column" data-e-type="column">
			<div class="elementor-widget-wrap elementor-element-populated">
						<div class="elementor-element elementor-element-2dee4c5 elementor-widget elementor-widget-text-editor" data-id="2dee4c5" data-element_type="widget" data-e-type="widget" data-widget_type="text-editor.default">
				<div class="elementor-widget-container">
									<h2>Analyse du contexte de 2012</h2><p>Au cours de la première phase de l’initiative de l’ECE de la CNE, on a répertorié des éléments du programme qui étaient déjà en place dans l’ensemble des territoires de compétences au Canada. Cette démarche a mené à une analyse du contexte en 2012. </p>								</div>
				</div>
				<div class="elementor-element elementor-element-ac50497 elementor-mobile-align-center elementor-widget elementor-widget-button" data-id="ac50497" data-element_type="widget" data-e-type="widget" data-widget_type="button.default">
				<div class="elementor-widget-container">
									<div class="elementor-button-wrapper">
					<a class="elementor-button elementor-button-link elementor-size-sm" href="https://mcc.ca/media/evaluation-degre-preparation-sommaire-analyse-contexte.pdf%20">
						<span class="elementor-button-content-wrapper">
									<span class="elementor-button-text">Lire l'analyse du contexte</span>
					</span>
					</a>
				</div>
								</div>
				</div>
					</div>
		</div>
					</div>
		</section>
				</div>

<p>Aperçu Le Conseil médical du Canada (CMC) collabore avec les neuf programmes provinciaux au cadre de l’évaluation de la capacité à exercer de la Collaboration nationale en matière d’évaluation (ECE de la CNE) pour élaborer et tenir à jour des lignes directrices, des travaux de recherche, de la documentation et des outils communs. Chaque programme [&hellip;]</p>

Maintenir un cadre pancanadien pour les programmes provinciaux d’évaluation de la capacité à exercer
