{"id":9593,"date":"2023-08-29T16:21:27","date_gmt":"2023-08-29T20:21:27","guid":{"rendered":"https:\/\/mcc2022.wpengine.com\/?post_type=objectives&#038;p=9593"},"modified":"2024-01-17T12:40:06","modified_gmt":"2024-01-17T17:40:06","slug":"retard-staturo-ponderal-chez-le-nourrisson-et-lenfant","status":"publish","type":"objectives","link":"https:\/\/mcc.ca\/fr\/objectifs\/expert-medical\/retard-staturo-ponderal-chez-le-nourrisson-et-lenfant\/","title":{"rendered":"Retard staturo-pond\u00e9ral (chez le nourrisson et l&rsquo;enfant)"},"content":{"rendered":"\n<h2 class=\"wp-block-heading\">Explication<\/h2>\n\n\n\n<p>Le terme d\u00e9signe une croissance insuffisante sur le plan de la taille ou du poids durant l&rsquo;enfance. Il est essentiel de distinguer divers mod\u00e8les de croissance et les causes correspondantes possibles.<\/p>\n\n\n\n<h2 class=\"wp-block-heading\">\u00c9tiologie<\/h2>\n\n\n\n<p>(liste non exhaustive)<\/p>\n\n\n\n<ol class=\"wp-block-list\" style=\"list-style-type:ordered\">\n<li>Causes pr\u00e9natales\n<ol class=\"wp-block-list\" style=\"list-style-type:lower-alpha\">\n<li>Insuffisance placentaire<\/li>\n\n\n\n<li>Infections intra-ut\u00e9rines<\/li>\n\n\n\n<li>Causes g\u00e9n\u00e9tiques<\/li>\n\n\n\n<li>Causes maternelles\n<ol class=\"wp-block-list\" style=\"list-style-type:ordered\">\n<li>Affections pr\u00e9existantes (p. ex. diab\u00e8te, affection r\u00e9nale)<\/li>\n\n\n\n<li>Consommation de m\u00e9dicaments, de drogues, de tabac ou d&rsquo;alcool<\/li>\n<\/ol>\n<\/li>\n<\/ol>\n<\/li>\n\n\n\n<li>Causes postnatales\n<ol class=\"wp-block-list\" style=\"list-style-type:lower-alpha\">\n<li>Apport calorique insuffisant\n<ol class=\"wp-block-list\" style=\"list-style-type:ordered\">\n<li>Causes attribuables \u00e0 l&rsquo;adulte responsable\n<ol class=\"wp-block-list\" style=\"list-style-type:lower-alpha\">\n<li>Inaptitude \u00e0 nourrir l&rsquo;enfant<\/li>\n\n\n\n<li>Aliments inappropri\u00e9s pour l&rsquo;\u00e2ge de l&rsquo;enfant<\/li>\n\n\n\n<li>N\u00e9gligence<\/li>\n\n\n\n<li>Lactation insuffisante<\/li>\n\n\n\n<li>Perturbation de la relation m\u00e8re-enfant<\/li>\n<\/ol>\n<\/li>\n\n\n\n<li>Causes propres \u00e0 l&rsquo;enfant\n<ol class=\"wp-block-list\" style=\"list-style-type:lower-alpha\">\n<li>Dysfonction de la succion ou de la d\u00e9glutition (p. ex. fente palatine)<\/li>\n\n\n\n<li>Maladie chronique (p. ex. infection, troubles m\u00e9taboliques)<\/li>\n<\/ol>\n<\/li>\n<\/ol>\n<\/li>\n\n\n\n<li>Absorption calorique insuffisante (p. ex. reflux gastro-\u0153sophagien)<\/li>\n\n\n\n<li>Besoins caloriques accrus (p. ex. hyperthyro\u00efdie, cardiopathie cong\u00e9nitale)<\/li>\n\n\n\n<li>D\u00e9terminants sociaux (p. ex. pauvret\u00e9, perturbation sociale)<\/li>\n\n\n\n<li>Exp\u00e9rience difficile durant l&rsquo;enfance<\/li>\n<\/ol>\n<\/li>\n<\/ol>\n\n\n\n<h2 class=\"wp-block-heading\">Objectifs principaux<\/h2>\n\n\n\n<p>Dans le cas d&rsquo;un nourrisson ou d&rsquo;un enfant ayant un retard staturo-pond\u00e9ral, le candidat devra en diagnostiquer la cause, la gravit\u00e9 et les complications, et mettre en place un plan de prise en charge appropri\u00e9. Une attention particuli\u00e8re devrait \u00eatre accord\u00e9e aux facteurs psychosociaux et environnementaux ainsi qu&rsquo;aux maladies associ\u00e9es pi\u00e8tre au d\u00e9veloppement du nourrisson ou de l&rsquo;enfant.<\/p>\n\n\n\n<h2 class=\"wp-block-heading\">Objectifs sp\u00e9cifiques<\/h2>\n\n\n\n<p>Dans le cas d&rsquo;un nourrisson ou d&rsquo;un enfant ayant un retard staturo-pond\u00e9ral, le candidat devra<\/p>\n\n\n\n<ol class=\"wp-block-list\" style=\"list-style-type:ordered\">\n<li>\u00e9num\u00e9rer et interpr\u00e9ter les constatations cliniques cruciales, notamment :\n<ol class=\"wp-block-list\" style=\"list-style-type:lower-alpha\">\n<li>reporter \u00e0 intervalles r\u00e9guliers sur un graphique les param\u00e8tres de croissance et reconna\u00eetre lorsqu&rsquo;un enfant ou un nourrisson a un retard staturo-pond\u00e9ral;<\/li>\n\n\n\n<li>faire une anamn\u00e8se et un examen physique afin de d\u00e9terminer la cause du retard staturo-pond\u00e9ral;<\/li>\n\n\n\n<li>conna\u00eetre les facteurs sociaux de risque d&rsquo;un retard staturo-pond\u00e9ral;<\/li>\n<\/ol>\n<\/li>\n\n\n\n<li>effectuer les examens requis, selon le cas<\/li>\n\n\n\n<li>\u00e9laborer un plan efficace de prise en charge initiale, notamment :\n<ol class=\"wp-block-list\" style=\"list-style-type:lower-alpha\">\n<li>\u00e9laborer un programme de suivi des progr\u00e8s de ces nourrissons et enfants;<\/li>\n\n\n\n<li>au besoin, \u00e9laborer un programme d&rsquo;orientation et d&rsquo;\u00e9ducation \u00e0 l&rsquo;intention des personnes intervenants qui ont la charge des nourrissons ou d&rsquo;enfants qui ont un retard de croissance;<\/li>\n\n\n\n<li>consulter les autres professionnels de la sant\u00e9 ou de ressources communautaires.<\/li>\n<\/ol>\n<\/li>\n<\/ol>\n","protected":false},"excerpt":{"rendered":"<p>Explication Le terme d\u00e9signe une croissance insuffisante sur le plan de la taille ou du poids durant l&rsquo;enfance. Il est essentiel de distinguer divers mod\u00e8les de croissance et les causes correspondantes possibles. \u00c9tiologie (liste non exhaustive) Objectifs principaux Dans le cas d&rsquo;un nourrisson ou d&rsquo;un enfant ayant un retard staturo-pond\u00e9ral, le candidat devra en diagnostiquer [&hellip;]<\/p>\n","protected":false},"featured_media":0,"parent":0,"menu_order":140,"template":"","format":"standard","class_list":["post-9593","objectives","type-objectives","status-publish","format-standard","hentry"],"acf":{"legacy_id":"31-2","version":"janvier 2017"},"aioseo_notices":[],"_links":{"self":[{"href":"https:\/\/mcc.ca\/fr\/wp-json\/wp\/v2\/objectives\/9593","targetHints":{"allow":["GET"]}}],"collection":[{"href":"https:\/\/mcc.ca\/fr\/wp-json\/wp\/v2\/objectives"}],"about":[{"href":"https:\/\/mcc.ca\/fr\/wp-json\/wp\/v2\/types\/objectives"}],"wp:attachment":[{"href":"https:\/\/mcc.ca\/fr\/wp-json\/wp\/v2\/media?parent=9593"}],"curies":[{"name":"wp","href":"https:\/\/api.w.org\/{rel}","templated":true}]}}

Retard staturo-pondéral (chez le nourrisson et l&rsquo;enfant)

<h2 class="wp-block-heading">Explication</h2>



<p>Le terme désigne une croissance insuffisante sur le plan de la taille ou du poids durant l&rsquo;enfance. Il est essentiel de distinguer divers modèles de croissance et les causes correspondantes possibles.</p>



<h2 class="wp-block-heading">Étiologie</h2>



<p>(liste non exhaustive)</p>



<ol class="wp-block-list" style="list-style-type:ordered">
<li>Causes prénatales
<ol class="wp-block-list" style="list-style-type:lower-alpha">
<li>Insuffisance placentaire</li>



<li>Infections intra-utérines</li>



<li>Causes génétiques</li>



<li>Causes maternelles
<ol class="wp-block-list" style="list-style-type:ordered">
<li>Affections préexistantes (p. ex. diabète, affection rénale)</li>



<li>Consommation de médicaments, de drogues, de tabac ou d&rsquo;alcool</li>
</ol>
</li>
</ol>
</li>



<li>Causes postnatales
<ol class="wp-block-list" style="list-style-type:lower-alpha">
<li>Apport calorique insuffisant
<ol class="wp-block-list" style="list-style-type:ordered">
<li>Causes attribuables à l&rsquo;adulte responsable
<ol class="wp-block-list" style="list-style-type:lower-alpha">
<li>Inaptitude à nourrir l&rsquo;enfant</li>



<li>Aliments inappropriés pour l&rsquo;âge de l&rsquo;enfant</li>



<li>Négligence</li>



<li>Lactation insuffisante</li>



<li>Perturbation de la relation mère-enfant</li>
</ol>
</li>



<li>Causes propres à l&rsquo;enfant
<ol class="wp-block-list" style="list-style-type:lower-alpha">
<li>Dysfonction de la succion ou de la déglutition (p. ex. fente palatine)</li>



<li>Maladie chronique (p. ex. infection, troubles métaboliques)</li>
</ol>
</li>
</ol>
</li>



<li>Absorption calorique insuffisante (p. ex. reflux gastro-œsophagien)</li>



<li>Besoins caloriques accrus (p. ex. hyperthyroïdie, cardiopathie congénitale)</li>



<li>Déterminants sociaux (p. ex. pauvreté, perturbation sociale)</li>



<li>Expérience difficile durant l&rsquo;enfance</li>
</ol>
</li>
</ol>



<h2 class="wp-block-heading">Objectifs principaux</h2>



<p>Dans le cas d&rsquo;un nourrisson ou d&rsquo;un enfant ayant un retard staturo-pondéral, le candidat devra en diagnostiquer la cause, la gravité et les complications, et mettre en place un plan de prise en charge approprié. Une attention particulière devrait être accordée aux facteurs psychosociaux et environnementaux ainsi qu&rsquo;aux maladies associées piètre au développement du nourrisson ou de l&rsquo;enfant.</p>



<h2 class="wp-block-heading">Objectifs spécifiques</h2>



<p>Dans le cas d&rsquo;un nourrisson ou d&rsquo;un enfant ayant un retard staturo-pondéral, le candidat devra</p>



<ol class="wp-block-list" style="list-style-type:ordered">
<li>énumérer et interpréter les constatations cliniques cruciales, notamment :
<ol class="wp-block-list" style="list-style-type:lower-alpha">
<li>reporter à intervalles réguliers sur un graphique les paramètres de croissance et reconnaître lorsqu&rsquo;un enfant ou un nourrisson a un retard staturo-pondéral;</li>



<li>faire une anamnèse et un examen physique afin de déterminer la cause du retard staturo-pondéral;</li>



<li>connaître les facteurs sociaux de risque d&rsquo;un retard staturo-pondéral;</li>
</ol>
</li>



<li>effectuer les examens requis, selon le cas</li>



<li>élaborer un plan efficace de prise en charge initiale, notamment :
<ol class="wp-block-list" style="list-style-type:lower-alpha">
<li>élaborer un programme de suivi des progrès de ces nourrissons et enfants;</li>



<li>au besoin, élaborer un programme d&rsquo;orientation et d&rsquo;éducation à l&rsquo;intention des personnes intervenants qui ont la charge des nourrissons ou d&rsquo;enfants qui ont un retard de croissance;</li>



<li>consulter les autres professionnels de la santé ou de ressources communautaires.</li>
</ol>
</li>
</ol>

<p>Explication Le terme désigne une croissance insuffisante sur le plan de la taille ou du poids durant l&rsquo;enfance. Il est essentiel de distinguer divers modèles de croissance et les causes correspondantes possibles. Étiologie (liste non exhaustive) Objectifs principaux Dans le cas d&rsquo;un nourrisson ou d&rsquo;un enfant ayant un retard staturo-pondéral, le candidat devra en diagnostiquer [&hellip;]</p>
